.
-12
Let u(n) = -16*n - 48. What is u(-3)?
0
Let x(l) = -l**3 + 5*l**2 + l - 3. Determine x(4).
17
Let w(i) = i**2 + 12*i + 14. Calculate w(-13).
27
Let l(y) = y**3 - 7*y**2 - 6*y - 7. Determine l(8).
9
Let d(y) = -y**3 + 17*y**2 - 23*y + 4. Calculate d(16).
-108
Let a(h) = h**2 + 14*h - 8. Give a(-15).
7
Let r(u) = -12*u - 1. Calculate r(4).
-49
Let g(u) = u**2 + 13*u + 9. Determine g(-12).
-3
Let b(q) = -q**3 - 2*q + 3. What is b(2)?
-9
Let u(m) = 2*m**3 - 42*m**2 + 38*m + 31. Determine u(20).
-9
Let w(h) = -h**3 + h**2 + 4*h + 3. Calculate w(-3).
27
Let c(o) = -o**3 - 18*o**2 - 3*o - 23. Determine c(-18).
31
Let i(q) = -q**3 - q**2 + 2*q + 8. Give i(0).
8
Let v(b) = -11*b**2 - b + 2. Give v(2).
-44
Let l(j) = j**3 - 8*j**2 - j + 23. Calculate l(7).
-33
Let q(p) = p**2 + 10*p - 13. Calculate q(-12).
11
Let g(t) = t**3 - 10*t**2 + 6*t - 4. Determine g(9).
-31
Let z(d) = -8*d**2 - 5. Determine z(3).
-77
Let r(n) = -6*n**2 + n + 3. What is r(-1)?
-4
Let u(v) = 6*v - 152. Determine u(25).
-2
Let a(p) = 6*p + 26. What is a(-11)?
-40
Let c(n) = -8*n - 2. Calculate c(-1).
6
Let t(r) = r**3 - 11*r**2 - 13*r - 11. Calculate t(12).
-23
Let w(o) = o**2 - 12*o - 52. Determine w(15).
-7
Let q(z) = -27*z**3 - z**2. What is q(1)?
-28
Let i(k) = k**3 + k**2 - 2*k + 6. Give i(-3).
-6
Let q(l) = l + 9. What is q(7)?
16
Let n(c) = 3*c - 31. Calculate n(9).
-4
Let l(c) = -c**2 - 6*c - 4. Give l(-5).
1
Let n(g) = -g**3 + 18*g**2 - 17*g - 5. Determine n(17).
-5
Let d(h) = -3*h**3 - 3*h**2 - 4*h + 2. What is d(-2)?
22
Let d(n) = -n**3 + 9*n**2 + 12*n - 8. What is d(10)?
12
Let c(r) = -r. Give c(8).
-8
Let j(s) = -s**3 - 17*s**2 - 4*s + 3. Calculate j(-17).
71
Let j(c) = -c**2 - 12*c - 9. Determine j(-10).
11
Let q(o) = o**3 - 8*o**2 - 20*o - 8. Calculate q(10).
-8
Let y(r) = -4*r**2 - 5*r + 7. Give y(-3).
-14
Let m(w) = w**2 - 41*w - 86. Determine m(43).
0
Let b(w) = -96*w - 584. What is b(-6)?
-8
Let l(s) = -s**3 - 5*s**2 + 12*s - 12. Determine l(-7).
2
Let i(m) = m**3 - 14*m**2 - 32*m - 9. Calculate i(16).
-9
Let g(j) = 5*j + 242. Determine g(-51).
-13
Let v(s) = -s**2 - 3*s + 83. Give v(9).
-25
Let n(u) = -5*u + 44. What is n(5)?
19
Let t(i) = 2*i**3 + 4*i**2 + i - 1. Give t(-3).
-22
Let w(z) = -z**3 - 3*z**2 - z + 2. Determine w(-3).
5
Let f(n) = -2*n**2 - 20*n - 15. What is f(-9)?
3
Let z(a) = a**3 + 7*a**2 + 5*a - 8. What is z(-6)?
-2
Let j(z) = -z**3 + 5*z**2 + 2*z - 7. Give j(4).
17
Let j(o) = 2*o - 21. What is j(-3)?
-27
Let z(g) = 82*g + 166. Give z(-2).
2
Let c(i) = 16*i + 3. What is c(-2)?
-29
Let g(j) = j**2 - 13*j + 16. Determine g(14).
30
Let q(p) = p**3 - 16*p**2 - 49*p + 551. Determine q(17).
7
Let z(s) = 3*s - 17. Calculate z(9).
10
Let g(t) = t**2 - 7*t - 1. Give g(6).
-7
Let s(m) = 10*m**3 + 3*m**2 - 2. Give s(1).
11
Let c(m) = -2*m**3 - 8*m**2 - m + 1. Determine c(-4).
5
Let x(s) = -s**2 - 16*s - 30. Give x(-14).
-2
Let f(z) = -5*z**2 - z + 6. Determine f(-2).
-12
Let r(m) = m**3 + 9*m**2 - 2*m + 11. Give r(-9).
29
Let h(g) = g**3 + 7*g**2 + 4*g - 1. Determine h(-7).
-29
Let s(b) = -3*b - 2. What is s(3)?
-11
Let c(v) = 2*v + 6. Calculate c(-11).
-16
Let w(t) = t**2 + 7*t - 20. Give w(-16).
124
Let l(q) = -q**3 - 13*q**2 + 22*q - 19. What is l(-15)?
101
Let r(q) = -2*q**2 + 14*q - 5. Determine r(6).
7
Let v(f) = 3*f**2 + 37*f - 14. Calculate v(-13).
12
Let x(y) = y**3 - 16*y**2 - 37*y + 27. What is x(18)?
9
Let z(h) = -16*h**2 + 2*h + 4. What is z(-1)?
-14
Let l(o) = -17*o + 4. Give l(-1).
21
Let m(r) = -r**2 + 9*r - 29. What is m(5)?
-9
Let x(s) = s + 8. Determine x(-12).
-4
Let h(i) = 11*i - 3. What is h(2)?
19
Let h(t) = -39*t - 115. What is h(-3)?
2
Let w(z) = z**3 - 28*z**2 - 3*z + 56. Give w(28).
-28
Let u(q) = -q**2 + 10*q + 48. What is u(14)?
-8
Let m(f) = -19*f + 86. Determine m(4).
10
Let u(k) = -k**3 - 6*k**2 + 3. Give u(-4).
-29
Let h(v) = -4*v**2 - 3*v - 5. What is h(4)?
-81
Let c(i) = 6*i**3 - 14*i**2 + 16*i - 1. Determine c(1).
7
Let g(q) = q**2 + 27*q + 158. What is g(-19)?
6
Let t(a) = -a**3 + 16*a**2 + 18*a - 10. Calculate t(17).
7
Let s(p) = 3*p - 38. Determine s(5).
-23
Let t(f) = f**3 + 13*f**2 + 22*f - 22. Calculate t(-10).
58
Let n(l) = -l - 10. Calculate n(-5).
-5
Let t(b) = -b**3 + 16*b**2 - 13*b - 26. Calculate t(15).
4
Let l(c) = c**3 - 14*c**2 - 31*c - 26. Give l(16).
-10
Let t(p) = -2*p + 10. Determine t(3).
4
Let t(f) = f**2 + 23*f + 20. Give t(-22).
-2
Let q(x) = 5*x - 27. What is q(-5)?
-52
Let s(d) = -d**3 - 29*d**2 - 26*d + 43. Determine s(-28).
-13
Let b(u) = -u - 8. Give b(1).
-9
Let x(j) = 2*j**3 + 6*j**2 + 11*j + 20. Determine x(-4).
-56
Let y(x) = -x**2 + 8*x - 13. Determine y(7).
-6
Let v(q) = q**3 - 6*q**2 - 16*q - 23. Determine v(8).
-23
Let h(p) = 3*p - 20. Determine h(14).
22
Let d(r) = -4*r**2 - 41*r - 4. What is d(-10)?
6
Let b(j) = j**2 + 11*j + 42. Calculate b(-12).
54
Let y(r) = r. Give y(0).
0
Let h(m) = -16*m - 1103. Calculate h(-69).
1
Let t(a) = 4*a**2 - 3*a - 1. Give t(4).
51
Let r(v) = v**2 + 10*v + 20. Calculate r(-9).
11
Let y(n) = n**3 + 8*n**2 - 11*n + 6. Calculate y(-9).
24
Let m(q) = q**3 - 14*q**2 - 16*q + 7. Give m(15).
-8
Let r(s) = -2*s - 12. Give r(-9).
6
Let g(o) = -3*o + 21. Give g(7).
0
Let r(z) = -10*z - 171. Give r(-18).
9
Let t(x) = -x**2 - 14*x - 2. What is t(-14)?
-2
Let y(x) = x**3 + 7*x**2 - 2*x - 37. Give y(-6).
11
Let b(k) = -k**2 - 29*k - 107. Calculate b(-23).
31
Let x(m) = 5*m - 89. Calculate x(20).
11
Let r(o) = -3*o**2 + 37*o - 20. Determine r(12).
-8
Let f(q) = 12*q - 1. Give f(4).
47
Let w(t) = -7*t + 4. Calculate w(6).
-38
Let a(f) = f**3 - 7*f**2 - f - 13. Calculate a(6).
-55
Let u(k) = -k**2 - 9*k + 15. What is u(-8)?
23
Let n(i) = i + 35. Calculate n(-21).
14
Let f(k) = 11*k**2 - k + 1. Calculate f(-3).
103
Let r(y) = -13*y - 58. What is r(-3)?
-19
Let g(t) = -t**3 + 14*t**2 + 17*t - 2. What is g(15)?
28
Let s(c) = c**3 + 6*c**2 + 2*c - 5. Determine s(-5).
10
Let v(o) = 9*o + 104. Determine v(-11).
5
Let u(w) = 7*w - 25. Determine u(4).
3
Let b(l) = 2*l + 11. Determine b(8).
27
Let y(q) = -q + 10. Calculate y(7).
3
Let b(o) = o**3 + 70*o**2 - 217*o + 144. Calculate b(-73).
-2
Let j(a) = a**3 - 4*a**2 - 5*a + 12. What is j(5)?
12
Let j(n) = 6*n + 60. Determine j(-5).
30
Let z(g) = 62*g**3 - 4*g**2 - 4*g - 1. Give z(-1).
-63
Let w(v) = v**2 - 19*v + 11. What is w(18)?
-7
Let o(s) = 29*s**3 + 2*s**2 - 1. Calculate o(1).
30
Let i(y) = -y**3 + 7*y**2 - 5*y + 8. What is i(7)?
-27
Let a(d) = -d**2 + d - 15. Calculate a(11).
-125
Let y(g) = g**3 + 4*g**2 + g + 2. Determine y(-4).
-2
Let t(r) = -7*r**3 + r**2 - 55*r + 55. Determine t(1).
-6
Let y(v) = -v**3 + 4*v**2 + 8*v + 30. Calculate y(6).
6
Let d(p) = -p**2 - 1. What is d(-1)?
-2
Let w(d) = -7*d**2 + d + 2. Calculate w(1).
-4
Let u(s) = -19*s**2 + s - 1. What is u(1)?
-19
Let w(l) = -20*l + 191. Determine w(9).
11
Let l(n) = n**3 - 2*n**2 - 6*n - 2. Determine l(4).
6
Let c(f) = -f**2 + 18. What is c(-5)?
-7
Let d(x) = 2*x + 6. Give d(0).
6
Let r(z) = z**2 + 5*z - 1. Calculate r(-9).
35
Let x(t) = t**2 + t - 8. Give x(0).
-8
Let q(h) = -3*h. Determine q(2).
-6
Let m(f) = -6*f**3 - f**2 + 2*f - 1. What is m(1)?
-6
Let x(g) = -g**2 + 6*g + 1. Determine x(5).
6
Let j(d) = d**3 + d**2 - 4*d + 1. Give j(-3).
-5
Let g(a) = -a + 42. Give g(35).
7
Let x(g) = -g - 11. What is x(-5)?
-6
Let l(a) = -2*a**3 - 87*a**2 + 135*a + 4. What is l(-45)?
4
Let c(q) = -2*q**3 + 2*q**2 - 2. What is c(2)?
-10
Let n(l) = l - 5. Give n(16).
11
Let u(b) = b**2 + 17*b - 75. Calculate u(-19).
-37
Let d(f) = -f - 8. Determine d(12).
-20
Let h(x) = -x**2 - 13*x + 16. What is h(-13)?
16
Let j(s) = s + 8. What is j(-8)?
0
Let m(z) = -25*z - 3. What is m(1)?
-28
Let v(b) = -4*b - 20. Determine v(-6).
4
Let i(o) = -o - 20. Give i(-20).
0
Let i(t) = t**3 - 19*t**2 + 19*t + 2. What is i(18)?
20
Let h(g) = -g**3 + 26*g**2 + g - 31. Give h(26).
-5
Let y(t) = 2*t - 42. Calculate y(17).
-8
Let g(k) = -21*k**2 - 41*k - 1. Determine g(-2).
-3
Let a(i) = 3*i**2. What is a(-1)?
3
Let n(c) = c**2 - 3*c - 6. Give n(5).
4
Let k(b) = -b - 2. Determine k(5).
-7
Let z(w) = 5*w - 30. Calculate z(-5).
-55
Let a(i) = i**3 + i**2 - 2*i. Calculate a(-3).
-12
Let b(h) = -23*h + 3. Calculate b(4).
-89
Let i(s) = 2*s**3 + 55*s**2 - 85*s + 66. Calculate i(-29).
8
